x = 2*a - 1571106. Is a a prime number?
True
Let l(q) = -7*q - 21*q + 397 + 18*q**2 + 7*q**2 + 10*q**2 - 141. Is l(9) a prime number?
False
Let q be 128/(-21) + 36/378. Let l be (14/(-4) - -5)*16/q. Is l - (31801/(-99) + (-4)/(-18)) composite?
False
Suppose -5*c = 2*b - 50126, -c + 12 = -4*c. Is b prime?
True
Let u = -239 - -244. Suppose -6*h - 3167 = -5*d - 2*h, -4*d - u*h + 2509 = 0. Is d a composite number?
False
Let p(s) = 5*s**3 - 44*s**2 - 33*s + 158. Is p(31) composite?
True
Let x(s) = -s**3 + 124*s**2 - 327*s + 505. Is x(121) a composite number?
False
Let x(m) = -166*m**2 + 29*m + 151. Let h(v) = 111*v**2 - 19*v - 101. Let r(c) = -7*h(c) - 5*x(c). Is r(-5) composite?
True
Let a(h) = 36*h**3 + h**2 - h - 2. Let b be a(-1). Is (2/(b/(-171)))/((-2)/(-1324)) composite?
True
Let q = -5 + 5. Suppose -2*n - 3984 = 3*s - 5*n, 2*s - n + 2661 = q. Let b = s + 1968. Is b prime?
False
Let j = -461 + 466. Let l(y) = 71*y**2 - 17*y + 43. Is l(j) prime?
True
Suppose -15 = -539*x + 536*x. Let s = -1 - 2. Is 252 + x/(-15)*s a prime number?
False
Let v(o) = -9 - 14*o - 203*o + 30*o. Let f be v(6). Let z = 2960 + f. Is z a prime number?
False
Let c(x) be the first derivative of 391*x**3/3 - 12*x**2 + 6*x - 20. Is c(5) a prime number?
True
Let n = -5097 + 3444. Let r = 2979 + n. Let y = r + -7. Is y a composite number?
False
Let p = 243 + -235. Suppose -p*k + k + 64379 = 0. Is k a prime number?
False
Suppose -u + 5*u = 2*p - 8, 2*u - 3*p + 12 = 0. Is (u + -1)/((-21)/23457) a prime number?
True
Let c = 4 + -6. Let z = 8 - c. Is z/35 + (9502/(-14))/(-1) composite?
True
Let y(l) = l**3 + 9*l**2 + 20*l + 19. Let b be y(-6). Suppose b*p = 4*p + 4*h + 9, -5*h - 12 = -3*p. Is 2/(p/165*-6) composite?
True
Suppose 3 = f, 0*f - f - 1362 = -3*r. Suppose r = q + 88. Is q composite?
False
Suppose s = 3*x - 7, -5*x = 3*s - 8*s - 15. Suppose 0 = 6*z - x*z - 20. Suppose -z*t = -2*w + 652, t + 4*t = 5*w - 1645. Is w a prime number?
True
Let t = 94 - 83. Suppose f - 16 = -t. Suppose 2627 = 3*c + f*q - 536, 3191 = 3*c - 2*q. Is c a composite number?
False
Suppose -y + 275067 = -4*i, 0 = -16*y + 20*y + 4*i - 1100368. Is y prime?
True
Let s = -35279 + 69240. Is s prime?
True
Let j(x) = 1963*x**2 - 240*x + 1870. Is j(7) composite?
False
Is (-6)/(-20)*(43 - 41) + 7297752/30 prime?
True
Suppose 331*y + 6544047 - 45941984 = 0. Is y composite?
False
Suppose 4002*t - 2859798 = 3996*t. Is t a prime number?
True
Suppose -16*z + 20243 = -11*z - q, 0 = -z + q + 4047. Is z composite?
False
Let v(q) be the third derivative of q**6/60 - 3*q**5/20 - 11*q**4/24 + 5*q**3/6 - 17*q**2 + 1. Is v(10) a composite number?
True
Let s = -657 - -657. Suppose s = 3*c - 8710 - 2057. Is c composite?
True
Let m = -31 + 30. Let c be (-7)/14*0/m. Suppose c*l - 377 = -q - 2*l, -3*l + 380 = q. Is q prime?
False
Suppose 3*r = -g + 11836, 0*r = -4*g - 2*r + 47394. Is g prime?
False
Let y(z) = -19*z**3 - 29*z**2 - 4*z - 1. Let c(h) = -35*h**3 - 59*h**2 - 8*h - 1. Let x(k) = -6*c(k) + 11*y(k). Is x(-10) a composite number?
True
Let n = 42 - 15. Suppose 0 = n*q + 2589 - 81510. Is q a composite number?
True
Suppose 8 = 5*j - 4*n, -4*j - 2*n + 0 = 4. Suppose -4*a + 12 = m, -2*m + a - 3 = -0*m. Suppose j = -4*z - m*z + 764. Is z composite?
False
Let c be 21 - 5 - (-2 - (3 + -3)). Suppose 3*h + 53405 = 4*u, 19*h - c*h + 13350 = u. Is u a composite number?
True
Is ((-1)/2)/(14/(-41664)) - 2 composite?
True
Let n be ((-6)/(-18)*-3*281)/(-1). Suppose -n = -2*j + 22577. Is j a composite number?
True
Let s(i) = -i**3 + 10*i**2 - i + 11. Let a be 2/((-6)/(-9)*6/20). Let h be s(a). Let t(x) = 732*x**3 - x**2 - 2*x + 4. Is t(h) a composite number?
False
Is 13786 + (-165)/11*4/12 prime?
True
Let k(w) = -36784*w - 5279. Is k(-18) composite?
False
Let c(z) = 30*z**3 - 12*z**2 + 74*z - 243. Is c(10) a composite number?
False
Let b = -755840 + 3988337. Is b prime?
False
Let g(a) = -3*a - 10. Let x be g(-6). Let w = x - 7. Is w*(1 - 36*-5) a prime number?
True
Let q = 3545 - -5577. Is q prime?
False
Suppose -13*k - 95893 - 31975 = 0. Let m = -3673 - k. Is m a composite number?
False
Suppose -256 = 5*z + 254. Let i = z - -151. Let p = 527 - i. Is p prime?
False
Is 15743400/33 - ((-3182)/4730 + (-2)/(-5)) a composite number?
False
Let f(s) = 5*s**3 + 43*s**2 - 4*s - 12 + 85 - 4*s**3 + 0*s**3. Is f(-24) prime?
True
Let w be -4 + 8 - 0 - 0 - -1. Suppose 2*m - 1317 = t, -1656 + 4946 = 5*m - w*t. Is m composite?
False
Suppose -u = -2*u - 4, 4*b - 2*u = 32. Let t be (-218)/b*(-21)/7. Suppose 0 = -2*r + 1379 - t. Is r a composite number?
True
Let g(o) = 2*o. Let i be g(1). Suppose -q - 3*q + 8700 = -i*c, 0 = 4*q + 3*c - 8720. Suppose -q = -14*t + 4697. Is t a composite number?
False
Suppose 3 = 3*y + 2*g, -y - 3 = -20*g + 22*g. Suppose -50513 = -3*j - 2*w, -3*w + 6*w - 50508 = -y*j. Is j prime?
False
Let h(i) = -i**2 - 3*i + 4284. Let p be h(0). Suppose 23*d - 26*d = -p. Let n = -793 + d. Is n composite?
True
Suppose -2*p - g = 3*g + 332, -3*p + 2*g - 522 = 0. Is 11/(-33) - p/6*2 a prime number?
False
Suppose -2*j - 7322566 = -10*t + 8*t, -6*t = -4*j - 21967710. Is t a prime number?
True
Let r(c) = -153*c + 1196. Is r(-51) composite?
False
Suppose -5*p - 3*i = -81, -4*i = 6*p - 3*p - 53. Suppose p*c + 0*c = 42195. Is c a prime number?
False
Let u(j) = 3*j**2 - 81*j + 65. Let n(l) = 3*l**2 - 2*l - 60. Let r be n(6). Is u(r) a prime number?
False
Let s = -4403 + 10140. Is s a composite number?
False
Let f be (-2)/(-4)*1*11162. Is (f/(-3))/((-9)/(-189)*-7) a composite number?
False
Suppose -2*y = -5*t + 80, -4*y - 23 - 9 = -2*t. Suppose -t*v + 18227 = -5*v. Is v composite?
False
Let x(s) = -6*s + 7 + 1 + s + 6*s. Let b be x(-11). Is b/(-4)*254*(-110)/(-15) prime?
False
Suppose -25 = 5*x, -2*n + 2*x + 76938 = -55832. Is (-21)/49 + (n/14 - 0) a prime number?
False
Suppose -118*v - 44*v = -13831722. Is v prime?
True
Let d = 3660 + -2112. Let b = -915 + d. Is b prime?
False
Let k(t) = t**3 - 5*t - 2. Let u be k(-2). Suppose -10 = w - 5*l, 4*w + u = l - 2. Suppose 16*m - 12*m - 232 = w. Is m composite?
True
Is (-114)/855 - 86211668/(-60) a composite number?
True
Let n(z) = -28*z**3 + 8*z**2 - 10*z + 3. Let y be n(-8). Let b = y + -6466. Is b a composite number?
True
Let n = -47498 + 252961. Is n composite?
False
Let l be 2/(-13) - (641724/52 - -6). Let i = -8298 - l. Is i a prime number?
True
Let b(a) = 167*a**2 - 9*a + 3. Let q be b(-7). Let m(o) = -105*o - 69. Let w be m(-1). Is q/3 - w/54 prime?
True
Let n = 454 - 450. Suppose -n*w + 2298 + 2866 = 0. Is w prime?
True
Let t(j) = 35*j**2 - 12*j - 45. Let h(i) = i - 5. Let z(l) = -4*h(l) + t(l). Is z(18) a composite number?
False
Let g(a) = 59*a**2 - a - 9. Suppose 14 = -3*k + 5. Let b be 2/6 - (119/(-21) - k). Is g(b) composite?
True
Let h = -115 + 112. Let o be (-1 - h) + (-2627 - 5)/(-4). Let a = o - -901. Is a composite?
True
Suppose 3*s + 23 = -g + 84, -2*g + 84 = 4*s. Let o = s + -151. Let i = o - -751. Is i a prime number?
True
Let r be 2576/(-16)*(1 - 2) + 5. Let l = r + 2391. Is l a prime number?
True
Let b(w) = 2*w**3 - 4*w**2 + w + 2. Let l be (-15)/25 + (-26)/(-10). Let n be b(l). Suppose 0 = -4*t + 5*j + 363, -n*t - 3*j = t - 500. Is t a composite number?
False
Let b be (-1)/((-4)/(-23)) + 21/28. Let z be (5 - -1) + b + 3. Suppose z*j + 5588 = 8*j. Is j prime?
False
Let b(s) = -2061*s**3 + 4*s**2 - 11*s + 1. Is b(-4) composite?
True
Suppose 6*o + 2*t + 117 = o, 0 = 2*t - 8. Let i = o - -13. Is (-2)/(-8) - (41229/i)/9 a prime number?
False
Let j = 243 + -242. Is (j + -2)/(74775/(-37385) + 2) composite?
False
Let f be 12/36*1*15. Let i be 179/f - (1 + (-12)/10). Is 6/i - (-5957)/6 prime?
False
Let f = 2640 - 1084. Let a = f - 877. Is a a prime number?
False
Let n = 61406 + -31113. Is n prime?
True
Suppose 159389 = 5*z + 4*h, 42600 + 84911 = 4*z + 3*h. Is z prime?
False
Suppose 19*b = 14*b + 1115. Suppose 0 = 228*c - b*c - 635. Is c composite?
False
Suppose 7*k - 20501 = 3411. Let q = k - 2013. Let f = q + -304. Is f prime?
False
Is 1011775*((-3 - -10) + (-782)/115) a prime number?
False
Suppose -2*o - 2*t + 3682 = 0, 59 = 4*o + 3*t - 7305. Is o a prime number?
False
Let a = 346 - 359. Let u(b) be the third derivative of -b**6/120 - 7*b**5/30 - 13*b**4/24 + b**3/3 - 3*b**2. Is u(a)